 Let v(z) = -2*z. What is the remainder when w is divided by v(-2)?
0
Calculate the remainder when 14/(-49) + (-522)/(-14) is divided by (-1)/((-2)/26 - 0).
11
Suppose 0 = 68*o - 67*o - 2. Suppose 15 - 63 = -o*q. Suppose 0 = -0*d - 5*d + 45. Calculate the remainder when q is divided by d.
6
Let i = 1211 - 1108. Calculate the remainder when i is divided by 98.
5
Let t(p) = -24*p + 3. Let y be t(-2). Let a = y - -12. Calculate the remainder when a is divided by 16.
15
Let k = 81 + -20. Suppose -10 = -t - 4. Suppose l - 147 = -t*l. What is the remainder when k is divided by l?
19
Let y(a) = -11*a - 4. Let p be y(-2). Let o = p + -12. Let m = o - -5. Calculate the remainder when 43 is divided by m.
10
Suppose -4*s - 9 = -25. Suppose -z - 5 - 3 = 0. Let c = 1 - z. What is the remainder when c is divided by s?
1
Let q = 642 - 422. Calculate the remainder when q is divided by 7.
3
Let q(f) = 61*f + 440. What is the remainder when 141 is divided by q(-7)?
11
Suppose 5*a + 4*t - 13 - 83 = 0, 2*a - 16 = 4*t. Let x = 70 + -67. What is the remainder when a is divided by x?
1
Let k(a) = -49*a - 168. Let v = -8 + 24. What is the remainder when k(-4) is divided by v?
12
Suppose 29*h - 34707 = 6908. Calculate the remainder when h is divided by 144.
139
Let i(a) = -a**3 + 14*a**2 + 27*a - 41. Let x be i(15). Let y = x + -125. Calculate the remainder when 24 is divided by y.
10
Let y(m) = -m**3 + 5*m**2 - 2*m - 4. Let w be y(4). Suppose w*t - 90 = -t. What is the remainder when t is divided by -8 + 1 + (176 - 162)?
4
Suppose 0*q - 4*q = -2*i - 218, 5*i = -5*q + 250. Let c(m) = 3*m**2. Calculate the remainder when q is divided by c(-3).
26
Let a be (-9)/3*(-10)/6. Suppose -a*f + 39 = -2*f. Suppose 4*o - 2*w - 200 = 0, 5*w = -4*o - 0*w + 214. Calculate the remainder when o is divided by f.
12
Let u = -4 + 6. Let x = -17 - -31. Let d = 16 - x. Calculate the remainder when d is divided by u.
0
Let x(o) = -o**3 + 7*o**2 + 3*o - 2. Let j be x(7). Let p = 41 - j. Let i = p + -9. What is the remainder when 38 is divided by i?
12
Let i = -432 + 453. Calculate the remainder when i is divided by 15.
6
Let x(y) = -y**2 - 11*y - 13. Let u be x(-9). Let n = 1 + u. Calculate the remainder when n is divided by (((-77)/21)/11)/((-1)/12).
2
Suppose 6*s + 30 = -0*s. Calculate the remainder when 145 is divided by s + 39 + (-6)/(-2).
34
Suppose -2*q - 3*g - 2*g = 0, -q + 18 = -2*g. Let n(s) = -s**2 + 15*s - 7. Let c be n(6). Let k = c - 30. Calculate the remainder when k is divided by q.
7
Let t(r) be the second derivative of -r**3/3 - 17*r**2/2 - r. What is the remainder when 12 is divided by t(-10)?
0
Let x be ((-148)/(-16))/((-2)/(-8)). Suppose -2*o - 4*m + 98 = 0, o + 5*m - 86 = -x. Suppose -119 + 41 = -6*k. What is the remainder when o is divided by k?
10
Let c(y) be the first derivative of -y**4/4 + 7*y**3/3 + y**2 + 10*y - 7. Calculate the remainder when c(6) is divided by 30.
28
Let q(h) = -3*h - 1. Let l(b) = -b**3 + 3*b**2 + 12*b - 29. What is the remainder when q(-4) is divided by l(3)?
4
Let g(w) = 2*w**2 - w + 2. Calculate the remainder when 119 is divided by g(-2).
11
Let h = 39 - 25. Let y = h - 4. What is the remainder when 27 is divided by y?
7
Let h = -281 + 444. Calculate the remainder when h is divided by 41.
40
What is the remainder when ((-2)/2)/((-2)/82) is divided by 21?
20
Let u(b) = -b**3 - 5*b**2 + 7*b + 8. Let i be u(-6). Suppose -19 = -4*f + l + 32, 5*l + 75 = 5*f. What is the remainder when 21 is divided by (i - 3) + 1*f?
10
Suppose 0 = -5*r + 59 + 11. Let c be (-320)/23 + 8/(-92). Let m = r - c. What is the remainder when m is divided by 6?
4
Let z(n) = n + 63. Calculate the remainder when z(12) is divided by 26.
23
Let v(s) = 269*s**2 - 6*s + 8. What is the remainder when v(1) is divided by 68?
67
Suppose 4*h = v - 82, 0 = -10*v + 19*v - 3*h - 870. Calculate the remainder when v is divided by 2/(-6) + 62/6.
8
Suppose -y - 69 = -4*y. Let v(c) = c**3 - 6*c**2 + 6*c + 6. Let g be v(5). Suppose -12 = -12*a + g*a. Calculate the remainder when y is divided by a.
11
Calculate the remainder when ((-30880)/(-150))/16 - 2/(-15) is divided by 2.
1
Suppose -2*u + 1358 = 2*l, 0 = -3*u + 2*l + 3350 - 1338. Calculate the remainder when u is divided by 13.
11
Let p(u) = -u**3 + 12*u**2 - 4*u + 7. Let a be p(10). Suppose a = 5*f - 2*r, 5*f = 2*r + 2*r + 169. Calculate the remainder when f is divided by 13.
7
Suppose -4746 = -47*r - 1127. What is the remainder when r is divided by 40?
37
Suppose -m - 4 + 29 = 0. Let n = 25 + -54. Let g = 100 + n. Calculate the remainder when g is divided by m.
21
Let v = -43 + 55. Suppose 5*r - v = 13. What is the remainder when 13 is divided by r?
3
Suppose 3*k = -r + 24 + 138, 4*r - 597 = 5*k. Calculate the remainder when r is divided by 11.
10
Let y be (-86 + 1)/(9 - (12 - 4)). Let x = y - -162. What is the remainder when x is divided by 39?
38
Suppose 3*h - 269 = -5*y - 79, -12 = 3*y. Calculate the remainder when 279 is divided by h.
69
Calculate the remainder when 231 is divided by (18/(-24))/(1098/552 - 2).
24
Let r(o) = o + 18. Let y be r(0). Suppose 4*b + 6 = u + 2*b, -2*b = 3*u - y. Suppose -20 + u = -p. What is the remainder when p is divided by 8?
6
Suppose -62 = -3*i + 5*s, -16*s + 14*s = 3*i - 34. Calculate the remainder when 105 is divided by i.
7
Let p be 162/2 + (-18)/(-18). Suppose -58 = -5*l + p. Calculate the remainder when l is divided by 6.
4
Let x = 206 + -172. Calculate the remainder when x is divided by 6.
4
Calculate the remainder when 197 is divided by ((-9)/(-4))/((-114)/(-1672)).
32
Suppose -24*k + 10048 = -8*k. What is the remainder when k is divided by 70?
68
Suppose d = p - 26, -128 = -40*p + 36*p + d. Calculate the remainder when (-25)/2*(-52)/5 is divided by p.
28
Suppose r + 17 = 4*f, r = 2*f - 0*r - 11. Suppose -q - 5*i = -58, 0*q - f*q + 3*i + 84 = 0. What is the remainder when 3921/q - (-2)/11 is divided by 30?
29
Let v(y) = -9*y**2 + 16*y**2 - 3 + y**3 + 12 + 2*y + 4*y. Suppose 0 = -7*w - 15 - 27. Calculate the remainder when 33 is divided by v(w).
6
Suppose -5*x + 2*d + 211 = -79, -3*x = 3*d - 153. Suppose -b + 2*b + 2*k = 9, k + x = 5*b. Let g = 18 - -2. Calculate the remainder when g is divided by b.
9
Let c be 21*8/32*12. Let s be 89/2 - 3/6. Let x = c - s. What is the remainder when 37 is divided by x?
18
Let r(k) = -7*k + 776. What is the remainder when r(-9) is divided by 29?
27
Let n = -16 + 21. Suppose -5*k - n*o + 169 = -246, -3*k + 251 = o. Suppose -k + 19 = -g. What is the remainder when g is divided by 22?
21
Suppose 0 = 3*l - 3 + 27. Calculate the remainder when 38/4*((-5 - l) + -1) is divided by 10.
9
Let p(v) = v**2 + 62*v + 33. What is the remainder when 50 is divided by p(-62)?
17
Let a be 2/(2*(-4)/8). Let f be (a + 1)/(1/(-2)). Suppose f*z - 2*c - 28 = 0, -z + 0*z + 20 = -3*c. Calculate the remainder when 43 is divided by z.
10
Let n(m) = -m**3 + 9*m**2 + 11*m - 7. Let f be n(10). Let s(p) = -2 + p**f - 8*p + 0*p - p**2 - 3*p**2. What is the remainder when 65 is divided by s(6)?
21
Let x be 3*(-4)/(-24)*0. Suppose x = 11*c - 10*c. Suppose 3*m = t, c = -2*t - 0*m + 3*m + 3. What is the remainder when t is divided by 2?
1
Let c = -142 - -151. Calculate the remainder when 11 is divided by c.
2
Suppose 2*a + o + 79 = 7, 0 = -4*a - o - 140. What is the remainder when (-2)/(-6) + 35/(-15) - a is divided by 11?
10
What is the remainder when 134 is divided by 79 + 8*3/24?
54
Calculate the remainder when (1 - 17)/((-2)/17 + 0) is divided by 47.
42
Suppose -3*k + 1451 = 2*o + 174, -5*k = o - 635. What is the remainder when o is divided by 161?
157
Suppose 7*i = 5*b + 10913, -5*i - 2818 + 10613 = -4*b. What is the remainder when i is divided by 120?
119
Let h = 524 - 314. Calculate the remainder when h is divided by 39.
15
What is the remainder when 127 is divided by ((-115)/(-69))/(10/132)?
17
Suppose w + w - 14 = 0. Let y(g) = 2*g - 4. Let c be y(6). Let t = 19 - c. Calculate the remainder when t is divided by w.
4
Suppose -5*n = -142 + 17. Suppose 0 = 30*c - 34*c + 52. What is the remainder when n is divided by c?
12
Let p = 278 + -142. Calculate the remainder when p is divided by 21.
10
Let g = 496 - 474. What is the remainder when 214 is divided by g?
16
Suppose 83*j - 4 = 82*j.